{"id":250,"date":"2025-10-20T08:10:16","date_gmt":"2025-10-20T08:10:16","guid":{"rendered":"https:\/\/zary.pttk.pl\/?page_id=250"},"modified":"2026-03-18T10:20:33","modified_gmt":"2026-03-18T10:20:33","slug":"sklad-zarzadu-pttk-powiatu-zarskiego","status":"publish","type":"page","link":"https:\/\/zary.pttk.pl\/?page_id=250","title":{"rendered":"Sk\u0142ad Zarz\u0105du PTTK Powiatu \u017barskiego"},"content":{"rendered":"<h3 style=\"text-align: center;\"><em><span style=\"color: #339966;\"><strong>Zarz\u0105d<\/strong><\/span><\/em><\/h3>\n<ul>\n<li style=\"list-style-type: none;\">\n<ul>\n<li style=\"list-style-type: none;\">\n<ul>\n<li style=\"list-style-type: none;\">\n<ul>\n<li style=\"list-style-type: none;\">\n<ul>\n<li style=\"list-style-type: none;\">\n<ul>\n<li style=\"list-style-type: none;\">\n<ul>\n<li style=\"list-style-type: none;\">\n<ul>\n<li style=\"list-style-type: none;\">\n<ul style=\"list-style-type: circle; text-align: left;\">\n<li><strong>El\u017cbieta \u0141obacz B\u0105cal\u00a0 &#8211;\u00a0 Prezes<\/strong><\/li>\n<li><strong>Kamila Krzemi\u0144ska Bielak &#8211; Wiceprezes<\/strong><\/li>\n<li><strong>Wojciech Preiss &#8211; Skarbnik<\/strong><\/li>\n<li><strong>Krystyna Zalewska &#8211; Sekretarz<\/strong><\/li>\n<li><strong>Ryszard B\u0105cal &#8211; Cz\u0142onek Zarz\u0105du<\/strong><\/li>\n<li><strong>Jolanta Konieczny &#8211; Cz\u0142onek Zarz\u0105du<\/strong><\/li>\n<li><strong>Jolanta S\u0142upska &#8211; Cz\u0142onek Zarz\u0105du<\/strong><\/li>\n<li><strong>Krzysztof Koniecpolski &#8211; Cz\u0142onek Zarz\u0105du<\/strong><\/li>\n<\/ul>\n<\/li>\n<\/ul>\n<\/li>\n<\/ul>\n<\/li>\n<\/ul>\n<\/li>\n<\/ul>\n<\/li>\n<\/ul>\n<\/li>\n<\/ul>\n<\/li>\n<\/ul>\n<\/li>\n<\/ul>\n<h3 style=\"text-align: center;\"><span style=\"color: #339966;\"><strong><em>Komisja Rewizyjna<\/em><\/strong><\/span><\/h3>\n<ul>\n<li style=\"list-style-type: none;\">\n<ul>\n<li style=\"list-style-type: none;\">\n<ul>\n<li style=\"list-style-type: none;\">\n<ul>\n<li style=\"list-style-type: none;\">\n<ul>\n<li style=\"list-style-type: none;\">\n<ul>\n<li style=\"list-style-type: none;\">\n<ul>\n<li style=\"list-style-type: none;\">\n<ul>\n<li style=\"list-style-type: none;\">\n<ul style=\"list-style-type: circle;\">\n<li style=\"text-align: left;\"><strong>Ryszard Wilgucki<\/strong><\/li>\n<li style=\"text-align: left;\"><strong>Zbigniew Tulski<\/strong><\/li>\n<li style=\"text-align: left;\"><strong>Urszula S\u0119k<\/strong><\/li>\n<\/ul>\n<\/li>\n<\/ul>\n<\/li>\n<\/ul>\n<\/li>\n<\/ul>\n<\/li>\n<\/ul>\n<\/li>\n<\/ul>\n<\/li>\n<\/ul>\n<\/li>\n<\/ul>\n<\/li>\n<\/ul>\n","protected":false},"excerpt":{"rendered":"<p>Zarz\u0105d El\u017cbieta \u0141obacz B\u0105cal\u00a0 &#8211;\u00a0 Prezes Kamila Krzemi\u0144ska Bielak &#8211; Wiceprezes Wojciech Preiss &#8211; Skarbnik Krystyna Zalewska &#8211; Sekretarz Ryszard B\u0105cal &#8211; Cz\u0142onek Zarz\u0105du Jolanta Konieczny &#8211; Cz\u0142onek Zarz\u0105du Jolanta S\u0142upska &#8211; Cz\u0142onek Zarz\u0105du Krzysztof Koniecpolski &#8211; Cz\u0142onek Zarz\u0105du Komisja Rewizyjna Ryszard Wilgucki Zbigniew Tulski&#8230;<\/p>\n<div class=\"easywp-readmore\"><a class=\"read-more-link\" href=\"https:\/\/zary.pttk.pl\/?page_id=250\">Continue Reading&#8230;<span class=\"easywp-sr-only\">  Sk\u0142ad Zarz\u0105du PTTK Powiatu \u017barskiego<\/span><\/a><\/div>\n","protected":false},"author":1,"featured_media":0,"parent":0,"menu_order":0,"comment_status":"closed","ping_status":"closed","template":"","meta":{"footnotes":""},"class_list":["post-250","page","type-page","status-publish","hentry"],"_links":{"self":[{"href":"https:\/\/zary.pttk.pl\/index.php?rest_route=\/wp\/v2\/pages\/250","targetHints":{"allow":["GET"]}}],"collection":[{"href":"https:\/\/zary.pttk.pl\/index.php?rest_route=\/wp\/v2\/pages"}],"about":[{"href":"https:\/\/zary.pttk.pl\/index.php?rest_route=\/wp\/v2\/types\/page"}],"author":[{"embeddable":true,"href":"https:\/\/zary.pttk.pl\/index.php?rest_route=\/wp\/v2\/users\/1"}],"replies":[{"embeddable":true,"href":"https:\/\/zary.pttk.pl\/index.php?rest_route=%2Fwp%2Fv2%2Fcomments&post=250"}],"version-history":[{"count":3,"href":"https:\/\/zary.pttk.pl\/index.php?rest_route=\/wp\/v2\/pages\/250\/revisions"}],"predecessor-version":[{"id":344,"href":"https:\/\/zary.pttk.pl\/index.php?rest_route=\/wp\/v2\/pages\/250\/revisions\/344"}],"wp:attachment":[{"href":"https:\/\/zary.pttk.pl\/index.php?rest_route=%2Fwp%2Fv2%2Fmedia&parent=250"}],"curies":[{"name":"wp","href":"https:\/\/api.w.org\/{rel}","templated":true}]}}